{"id":262,"date":"2025-09-19T15:05:12","date_gmt":"2025-09-19T13:05:12","guid":{"rendered":"https:\/\/connectingmemories.at\/?page_id=262"},"modified":"2025-11-23T15:09:40","modified_gmt":"2025-11-23T13:09:40","slug":"startfr","status":"publish","type":"page","link":"https:\/\/connectingmemories.at\/?lang=fr","title":{"rendered":"1.3 Start FR"},"content":{"rendered":"\n<div class=\"wp-block-cover is-light has-custom-content-position is-position-bottom-right has-text-color has-link-color wp-elements-f65cc5e350ba20f08b3bc9e2008fae4c\" style=\"color:#d58585;min-height:467px;aspect-ratio:unset;\"><img loading=\"lazy\" decoding=\"async\" width=\"2560\" height=\"1200\" class=\"wp-block-cover__image-background wp-image-86 size-full\" alt=\"\" src=\"https:\/\/connectingmemories.at\/wp-content\/uploads\/2025\/08\/headerbild_2560x1200_0P9A4227_V2_KB.jpg\" style=\"object-position:78% 81%\" data-object-fit=\"cover\" data-object-position=\"78% 81%\" srcset=\"https:\/\/connectingmemories.at\/wp-content\/uploads\/2025\/08\/headerbild_2560x1200_0P9A4227_V2_KB.jpg 2560w, https:\/\/connectingmemories.at\/wp-content\/uploads\/2025\/08\/headerbild_2560x1200_0P9A4227_V2_KB-300x141.jpg 300w, https:\/\/connectingmemories.at\/wp-content\/uploads\/2025\/08\/headerbild_2560x1200_0P9A4227_V2_KB-1024x480.jpg 1024w, https:\/\/connectingmemories.at\/wp-content\/uploads\/2025\/08\/headerbild_2560x1200_0P9A4227_V2_KB-768x360.jpg 768w, https:\/\/connectingmemories.at\/wp-content\/uploads\/2025\/08\/headerbild_2560x1200_0P9A4227_V2_KB-1536x720.jpg 1536w, https:\/\/connectingmemories.at\/wp-content\/uploads\/2025\/08\/headerbild_2560x1200_0P9A4227_V2_KB-2048x960.jpg 2048w\" sizes=\"auto, (max-width: 2560px) 100vw, 2560px\" \/><span aria-hidden=\"true\" class=\"wp-block-cover__background has-background-dim-0 has-background-dim\" style=\"background-color:#aa9d94\"><\/span><div class=\"wp-block-cover__inner-container is-layout-constrained wp-block-cover-is-layout-constrained\">\n<p class=\"has-palette-color-8-color has-text-color has-link-color has-small-font-size wp-elements-bab3fa03bdc6411bbc086edaefe7afa5\">\u00a9 Karin B\u00f6hm<\/p>\n<\/div><\/div>\n\n\n\n<h2 class=\"wp-block-heading\"><strong>Pr\u00e9server ensemble les souvenirs \u2013 explorer l&#8217;histoire<\/strong><\/h2>\n\n\n\n<p style=\"font-size:clamp(14px, 0.875rem + ((1vw - 3.2px) * 0.313), 18px);\">En <strong>Basse-Autriche<\/strong>, comme dans tout le Reich allemand et les territoires occup\u00e9s, des milliers de personnes ont \u00e9t\u00e9 contraintes au <strong>travail forc\u00e9<\/strong>\u00a0pendant la <strong>Seconde Guerre mondiale<\/strong>\u00a0\u2013 des prisonniers de guerre, des travailleurs juifs hongrois et de nombreux autres civils. Une grande partie de cette histoire reste encore m\u00e9connue ou n\u2019est que partiellement document\u00e9e. Pourtant, de nombreuses traces subsistent dans des collections priv\u00e9es : lettres, photographies et souvenirs familiaux transmis de g\u00e9n\u00e9ration en g\u00e9n\u00e9ration \u2013 en Basse-Autriche et dans le monde entier, parmi les descendants des anciens travailleurs forc\u00e9s, employeurs et voisins. Notre plateforme rassemble ces pr\u00e9cieuses sources, les pr\u00e9serve et invite chacun \u00e0 contribuer \u00e0 faire vivre cette m\u00e9moire.<\/p>\n\n\n\n<p style=\"font-size:clamp(14px, 0.875rem + ((1vw - 3.2px) * 0.313), 18px);\">Pour commencer la mise en place de cette plateforme, nous nous concentrons sur deux grands th\u00e8mes: Le <strong>travail forc\u00e9 des Juifs hongrois<\/strong>\u00a0et le <strong>camp de prisonniers de guerre Stalag XVII B Krems-Gneixendorf<\/strong>\u00a0en Basse-Autriche.<br>Avez-vous des souvenirs, des documents ou des photos \u00e0 ce sujet ? Ou souhaitez-vous participer \u00e0 ce projet ?<\/p>\n\n\n\n<h3 class=\"wp-block-heading anchor-target\" id=\"wir-suchen\">Nous recherchons:<\/h3>\n\n\n\n<p style=\"font-size:clamp(14px, 0.875rem + ((1vw - 3.2px) * 0.313), 18px);\">\ud83d\udccc Des personnes int\u00e9ress\u00e9es pour nous aider \u00e0 d\u00e9velopper la plateforme et \u00e0 mener des recherches<br>\ud83d\udccc Des photos et des documents num\u00e9ris\u00e9s sur l&#8217;histoire du travail forc\u00e9 en Basse-Autriche<br>\ud83d\udccc Des t\u00e9moignages et des souvenirs de famille<br>\ud83d\udccc Des personnes souhaitant mener des recherches sur l&#8217;histoire du travail forc\u00e9 dans ces lieux ou sur des destins individuels<br>\ud83d\udccc Des personnes qui souhaitent entrer en contact \u2013 des personnes sur place ou des descendants d&#8217;anciens travailleurs forc\u00e9s<\/p>\n\n\n\n<p style=\"font-size:clamp(14px, 0.875rem + ((1vw - 3.2px) * 0.313), 18px);\">\ud83d\udc49 <a href=\"https:\/\/connectingmemories.at\/?page_id=769&amp;lang=fr\">Partagez vos documents et vos souvenirs !<\/a><br>\ud83d\udc49 Faites des recherches avec nous et entrez en contact avec d&#8217;autres personnes!<\/p>\n\n\n\n<h3 class=\"wp-block-heading\">Souhaitez-vous participer ou vous inscrire \u00e0 notre newsletter ?<\/h3>\n\n\n\n<p style=\"font-size:clamp(14px, 0.875rem + ((1vw - 3.2px) * 0.313), 18px);\"><strong>Contactez-nous <\/strong>:<br>Carl Philipp Hoffmann : <a href=\"mailto:connectingmemories@donau-uni.ac.at\">connectingmemories@donau-uni.ac.at<\/a>, T\u00e9l. : <a href=\"tel:+4327328932545\">+43 2732 893-2545<\/a><br>Universit\u00e9 de formation continue de Krems, D\u00e9partement des sciences de l&#8217;art et de la culture, Dr.-Karl-Dorrek-Stra\u00dfe 30, 3500 Krems.<br><\/p>\n","protected":false},"excerpt":{"rendered":"<p>Pr\u00e9server ensemble les souvenirs \u2013 explorer l&#8217;histoire En Basse-Autriche, comme dans tout le Reich allemand et les territoires occup\u00e9s, des milliers de personnes ont \u00e9t\u00e9 contraintes au travail forc\u00e9\u00a0pendant la Seconde Guerre mondiale\u00a0\u2013 des prisonniers de guerre, des travailleurs juifs hongrois et de nombreux autres civils. Une grande partie de cette histoire reste encore m\u00e9connue [&hellip;]<\/p>\n","protected":false},"author":2,"featured_media":180,"parent":0,"menu_order":0,"comment_status":"closed","ping_status":"closed","template":"","meta":{"footnotes":""},"class_list":["post-262","page","type-page","status-publish","has-post-thumbnail","hentry"],"blocksy_meta":[],"_links":{"self":[{"href":"https:\/\/connectingmemories.at\/index.php?rest_route=\/wp\/v2\/pages\/262","targetHints":{"allow":["GET"]}}],"collection":[{"href":"https:\/\/connectingmemories.at\/index.php?rest_route=\/wp\/v2\/pages"}],"about":[{"href":"https:\/\/connectingmemories.at\/index.php?rest_route=\/wp\/v2\/types\/page"}],"author":[{"embeddable":true,"href":"https:\/\/connectingmemories.at\/index.php?rest_route=\/wp\/v2\/users\/2"}],"replies":[{"embeddable":true,"href":"https:\/\/connectingmemories.at\/index.php?rest_route=%2Fwp%2Fv2%2Fcomments&post=262"}],"version-history":[{"count":15,"href":"https:\/\/connectingmemories.at\/index.php?rest_route=\/wp\/v2\/pages\/262\/revisions"}],"predecessor-version":[{"id":1322,"href":"https:\/\/connectingmemories.at\/index.php?rest_route=\/wp\/v2\/pages\/262\/revisions\/1322"}],"wp:featuredmedia":[{"embeddable":true,"href":"https:\/\/connectingmemories.at\/index.php?rest_route=\/wp\/v2\/media\/180"}],"wp:attachment":[{"href":"https:\/\/connectingmemories.at\/index.php?rest_route=%2Fwp%2Fv2%2Fmedia&parent=262"}],"curies":[{"name":"wp","href":"https:\/\/api.w.org\/{rel}","templated":true}]}}