{"id":319,"date":"2025-09-26T14:26:54","date_gmt":"2025-09-26T12:26:54","guid":{"rendered":"https:\/\/connectingmemories.at\/?page_id=319"},"modified":"2025-11-13T19:07:07","modified_gmt":"2025-11-13T17:07:07","slug":"6-2-about-hu","status":"publish","type":"page","link":"https:\/\/connectingmemories.at\/?page_id=319&lang=hu","title":{"rendered":"6.2 About HU"},"content":{"rendered":"\n<h3 class=\"wp-block-heading\"><strong><strong>Kutat\u00e1si projekt:<\/strong> <strong>\u201eKutatni \u2013 Meg\u0151rizni \u2013 Megosztani. Digit\u00e1lis k\u00f6z\u00f6ss\u00e9g l\u00e9trehoz\u00e1sa a n\u00e1ci k\u00e9nyszermunk\u00e1val kapcsolatos transznacion\u00e1lis eml\u00e9kezet \u00e9s forr\u00e1sok sz\u00e1m\u00e1ra Als\u00f3-Ausztri\u00e1ban\u201d<\/strong><\/strong><\/h3>\n\n\n\n<p style=\"font-size:clamp(14px, 0.875rem + ((1vw - 3.2px) * 0.313), 18px);\">A m\u00e1sodik vil\u00e1gh\u00e1bor\u00fa idej\u00e9n a N\u00e9met Birodalom szinte minden v\u00e1ros\u00e1ban \u00e9s faluj\u00e1ban k\u00fclf\u00f6ldi civil szem\u00e9lyeket \u00e9s hadifoglyokat k\u00e9nyszermunk\u00e1ra k\u00f6teleztek. B\u00e1r a n\u00e1ci k\u00e9nyszermunk\u00e1t m\u00e1r hossz\u00fa ideje kutatj\u00e1k, a t\u00e9ma sz\u00e1mos vonatkoz\u00e1s\u00e1ban \u2013 p\u00e9ld\u00e1ul a region\u00e1lis saj\u00e1toss\u00e1gok, a k\u00e9nyszermunk\u00e1sok \u00e9s a helyi lakoss\u00e1g k\u00f6z\u00f6tti t\u00e1rsadalmi kapcsolatok, illetve az egy\u00e9ni sorsok tekintet\u00e9ben \u2013 m\u00e9g mindig jelent\u0151s kutat\u00e1si hi\u00e1nyoss\u00e1gok vannak. Ez \u00e9rv\u00e9nyes <strong>Als\u00f3-Ausztri\u00e1ra <\/strong>is, ahol a n\u00e1ci k\u00e9nyszermunka t\u00f6rt\u00e9net\u00e9t a fontos alapkutat\u00e1sok ellen\u00e9re mindm\u00e1ig nem vizsg\u00e1lt\u00e1k \u00e9s dokument\u00e1lt\u00e1k kell\u0151k\u00e9ppen.<\/p>\n\n\n\n<p style=\"font-size:clamp(14px, 0.875rem + ((1vw - 3.2px) * 0.313), 18px);\">Az egykori k\u00e9nyszermunk\u00e1sok lesz\u00e1rmazottai, valamint azoknak a telep\u00fcl\u00e9seknek a lak\u00f3i, ahol k\u00e9nyszermunka zajlott, ma is \u0151riznek mag\u00e1ngy\u0171jtem\u00e9nyekben dokumentumokat, f\u00e9nyk\u00e9peket \u00e9s m\u00e1s eml\u00e9kt\u00e1rgyakat. Ezek az anyagok \u00e9rt\u00e9kes betekint\u00e9st ny\u00fajtanak a k\u00e9nyszermunk\u00e1sok \u00e9let- \u00e9s munkak\u00f6r\u00fclm\u00e9nyeibe a n\u00e1ci id\u0151szakban. Sok csal\u00e1dban a szem\u00e9lyes eml\u00e9kek \u00e9s elbesz\u00e9l\u00e9sek ma is tov\u00e1bb \u00f6r\u00f6kl\u0151dnek.<\/p>\n\n\n\n<p style=\"font-size:clamp(14px, 0.875rem + ((1vw - 3.2px) * 0.313), 18px);\">A <strong>\u201eConnecting Memories\u201d<\/strong> digit\u00e1lis platform c\u00e9lja, hogy a mag\u00e1ntulajdonban l\u00e9v\u0151, digitaliz\u00e1lt anyagokat \u00f6sszegy\u0171jtse, meg\u0151rizze \u00e9s a kutat\u00e1s sz\u00e1m\u00e1ra hozz\u00e1f\u00e9rhet\u0151v\u00e9 tegye. A platform c\u00e9lja tov\u00e1bb\u00e1, hogy el\u0151seg\u00edtse a p\u00e1rbesz\u00e9det a lesz\u00e1rmazottak, a helyi kezdem\u00e9nyez\u00e9sek, a kutat\u00f3k \u00e9s a szak\u00e9rt\u0151k k\u00f6z\u00f6tt, valamint t\u00e1mogassa a k\u00f6z\u00f6s gy\u0171jt\u00e9st \u00e9s kutat\u00e1st.<\/p>\n\n\n\n<p style=\"font-size:clamp(14px, 0.875rem + ((1vw - 3.2px) * 0.313), 18px);\">A projekt keret\u00e9ben \u00e9rdekl\u0151d\u0151 <strong>Citizen Scientist<\/strong>-ek \u00e9s <strong>Descendant Scientist<\/strong>-ek k\u00f6zrem\u0171k\u00f6d\u00e9s\u00e9vel digit\u00e1lis eszk\u00f6z\u00f6ket tesztel\u00fcnk az archiv\u00e1l\u00e1s, a tud\u00e1s l\u00e9trehoz\u00e1sa \u00e9s a kutat\u00e1s ter\u00fclet\u00e9n. Ennek sor\u00e1n \u00faj kutat\u00e1si, egy\u00fcttm\u0171k\u00f6d\u00e9si, adatkapcsol\u00e1si \u00e9s kommunik\u00e1ci\u00f3s form\u00e1k j\u00f6nnek l\u00e9tre. Esettanulm\u00e1nyaink az <strong>als\u00f3-ausztriai magyar zsid\u00f3 k\u00e9nyszermunk\u00e1t<\/strong>, valamint a <strong>Stalag XVII B hadifogolyt\u00e1bort (Krems-Gneixendorf)<\/strong> vizsg\u00e1lj\u00e1k.<\/p>\n\n\n\n<p style=\"font-size:clamp(14px, 0.875rem + ((1vw - 3.2px) * 0.313), 18px);\">A lesz\u00e1rmazottak \u00e9s m\u00e1s \u00e9rdekl\u0151d\u0151k r\u00e9szv\u00e9tele a k\u00e9nyszermunka t\u00e9m\u00e1j\u00e1ban <strong>k\u00fcl\u00f6n\u00f6sen reflex\u00edv megk\u00f6zel\u00edt\u00e9st ig\u00e9nyel<\/strong>, mivel egy er\u0151szakkal terhelt m\u00faltat \u00e9s <strong>k\u00fcl\u00f6nb\u00f6z\u0151 eml\u00e9kezetk\u00f6z\u00f6ss\u00e9geket<\/strong> \u00e9rint. A projekt ez\u00e9rt azt is vizsg\u00e1lja, hogy a r\u00e9szv\u00e9tel \u00e9s az egy\u00fcttm\u0171k\u00f6d\u00e9s milyen form\u00e1i seg\u00edthetik el\u0151 <strong>a p\u00e1rbesz\u00e9dre \u00e9p\u00fcl\u0151 eml\u00e9kez\u00e9s \u00e9s kutat\u00e1s<\/strong> gyakorlat\u00e1t.<\/p>\n\n\n\n<div style=\"margin-top:0;margin-bottom:0;height:33px\" aria-hidden=\"true\" class=\"wp-block-spacer\"><\/div>\n\n\n\n<p style=\"font-size:clamp(14px, 0.875rem + ((1vw - 3.2px) * 0.313), 18px);\"><strong>Id\u0151tartam:<\/strong> 2025\u20132027<br><strong>T\u00e1mogat\u00f3:<\/strong> GFF Als\u00f3-Ausztria (Citizen Science) <strong>Project-ID:<\/strong> <a href=\"https:\/\/www.gff-noe.at\/forschungsfoerderung\/details\/FTI24-C-020\/index.php?lang=EN\" data-type=\"link\" data-id=\"https:\/\/www.gff-noe.at\/forschungsfoerderung\/details\/FTI24-C-020\/\">FTI24-C-020<\/a><br><strong>Vezet\u0151 partner:<\/strong><br>Kremsi Tov\u00e1bbk\u00e9pz\u00e9si Egyetem, M\u0171v\u00e9szet- \u00e9s Kult\u00faratudom\u00e1nyi Tansz\u00e9k<br>Projektvezet\u00e9s: Edith Blaschitz, Eva Mayr<br>Projektmunkat\u00e1rsak: Carl Philipp Hoffmann, Karin B\u00f6hm<br><strong>Kutat\u00f3partnerek:<\/strong><br>Zsid\u00f3 T\u00f6rt\u00e9neti Int\u00e9zet \u2013 \u00d6sterreichisches Institut f\u00fcr J\u00fcdische Geschichte (igazgat\u00f3: Martha Keil): Merle Bieber<br>B\u00e9csi Wiesenthal Int\u00e9zet a Holokauszt-tanulm\u00e1nyok\u00e9rt (igazgat\u00f3: \u00c9va Kov\u00e1cs): Kinga Frojimovics<br><strong>Egy\u00fcttm\u0171k\u00f6d\u0151 lev\u00e9lt\u00e1rak:<\/strong><br>Krems V\u00e1rosi Lev\u00e9lt\u00e1r<br>St. P\u00f6lten V\u00e1rosi Lev\u00e9lt\u00e1r<\/p>\n\n\n\n<p style=\"font-size:clamp(14px, 0.875rem + ((1vw - 3.2px) * 0.313), 18px);\"><strong>Tudom\u00e1nyos Tan\u00e1csad\u00f3 Test\u00fclet:<\/strong><br>Thomas Cauvin (Luxemburgi Egyetem Digit\u00e1lis T\u00f6rt\u00e9neti K\u00f6zpontja)<br>Stefan Eminger (Als\u00f3-Ausztriai Tartom\u00e1nyi Lev\u00e9lt\u00e1r)<br>Dirk Luyten (A Belga \u00c1llami Lev\u00e9lt\u00e1rak H\u00e1bor\u00fas \u00e9s Kort\u00f6rt\u00e9neti Kutat\u00f3- \u00e9s Dokument\u00e1ci\u00f3s K\u00f6zpontja)<br>Barbara Stelzl-Marx (Ludwig Boltzmann Int\u00e9zet a H\u00e1bor\u00fas K\u00f6vetkezm\u00e9nyek Kutat\u00e1s\u00e1\u00e9rt)<br>Olga Ungar (A Holokauszt Eml\u00e9kk\u00f6zpont \u2013 Yad Vashem, Jeruzs\u00e1lem)<\/p>\n\n\n\n<h3 class=\"wp-block-heading\">Projektcsoport<\/h3>\n\n\n\n<h4 class=\"wp-block-heading\">Kremsi Tov\u00e1bbk\u00e9pz\u00e9si Egyetem<\/h4>\n\n\n<style>.kadence-column319_251b1a-61 > .kt-inside-inner-col,.kadence-column319_251b1a-61 > .kt-inside-inner-col:before{border-top-left-radius:0px;border-top-right-radius:0px;border-bottom-right-radius:0px;border-bottom-left-radius:0px;}.kadence-column319_251b1a-61 > .kt-inside-inner-col{column-gap:var(--global-kb-gap-sm, 1rem);}.kadence-column319_251b1a-61 > .kt-inside-inner-col{flex-direction:column;}.kadence-column319_251b1a-61 > .kt-inside-inner-col > .aligncenter{width:100%;}.kadence-column319_251b1a-61 > .kt-inside-inner-col:before{opacity:0.3;}.kadence-column319_251b1a-61{position:relative;}@media all and (max-width: 1024px){.kadence-column319_251b1a-61 > .kt-inside-inner-col{flex-direction:column;justify-content:center;}}@media all and (max-width: 767px){.kadence-column319_251b1a-61 > .kt-inside-inner-col{flex-direction:column;justify-content:center;}}<\/style>\n<div class=\"wp-block-kadence-column kadence-column319_251b1a-61 ueber-uns\"><div class=\"kt-inside-inner-col\">\n<figure class=\"wp-block-gallery has-nested-images columns-4 is-cropped wp-block-gallery-1 is-layout-flex wp-block-gallery-is-layout-flex\">\n<figure class=\"wp-block-image size-thumbnail\"><a href=\"https:\/\/www.donau-uni.ac.at\/de\/universitaet\/organisation\/mitarbeiterinnen\/person\/4294993159\"><img loading=\"lazy\" decoding=\"async\" width=\"124\" height=\"150\" data-id=\"349\" src=\"https:\/\/connectingmemories.at\/wp-content\/uploads\/2025\/09\/EB-124x150.jpg\" alt=\"\" class=\"wp-image-349\"\/><\/a><\/figure>\n\n\n\n<figure class=\"wp-block-image size-thumbnail\"><a href=\"https:\/\/www.donau-uni.ac.at\/de\/universitaet\/organisation\/mitarbeiterinnen\/person\/4294993482\"><img loading=\"lazy\" decoding=\"async\" width=\"124\" height=\"150\" data-id=\"348\" src=\"https:\/\/connectingmemories.at\/wp-content\/uploads\/2025\/09\/EM-124x150.png\" alt=\"\" class=\"wp-image-348\"\/><\/a><\/figure>\n\n\n\n<figure class=\"wp-block-image size-thumbnail\"><a href=\"https:\/\/www.donau-uni.ac.at\/de\/universitaet\/organisation\/mitarbeiterinnen\/person\/4295324449\"><img loading=\"lazy\" decoding=\"async\" width=\"123\" height=\"150\" data-id=\"350\" src=\"https:\/\/connectingmemories.at\/wp-content\/uploads\/2025\/09\/PH-123x150.jpg\" alt=\"\" class=\"wp-image-350\"\/><\/a><\/figure>\n\n\n\n<figure class=\"wp-block-image size-large\"><a href=\"https:\/\/www.karinboehm.at\/about\"><img loading=\"lazy\" decoding=\"async\" width=\"91\" height=\"124\" data-id=\"351\" src=\"https:\/\/connectingmemories.at\/wp-content\/uploads\/2025\/09\/KB.jpg\" alt=\"\" class=\"wp-image-351\"\/><\/a><\/figure>\n<\/figure>\n\n\n\n<div style=\"height:27px\" aria-hidden=\"true\" class=\"wp-block-spacer\"><\/div>\n\n\n\n<div class=\"wp-block-columns is-layout-flex wp-container-core-columns-is-layout-28f84493 wp-block-columns-is-layout-flex\">\n<div class=\"wp-block-column is-layout-flow wp-block-column-is-layout-flow\">\n<h4 class=\"wp-block-heading\">Osztr\u00e1k Zsid\u00f3 T\u00f6rt\u00e9neti Int\u00e9zet<\/h4>\n\n\n\n<figure class=\"wp-block-gallery has-nested-images columns-default is-cropped wp-block-gallery-2 is-layout-flex wp-block-gallery-is-layout-flex\">\n<figure class=\"wp-block-image size-thumbnail\"><a href=\"http:\/\/www.injoest.ac.at\/de\/institut\/mitarbeiterinnen\/martha-keil\"><img loading=\"lazy\" decoding=\"async\" width=\"124\" height=\"150\" data-id=\"353\" src=\"https:\/\/connectingmemories.at\/wp-content\/uploads\/2025\/09\/MK-124x150.jpg\" alt=\"\" class=\"wp-image-353\"\/><\/a><\/figure>\n\n\n\n<figure class=\"wp-block-image size-thumbnail\"><a href=\"http:\/\/www.injoest.ac.at\/de\/institut\/mitarbeiterinnen\/merle-bieber\"><img loading=\"lazy\" decoding=\"async\" width=\"124\" height=\"150\" data-id=\"352\" src=\"https:\/\/connectingmemories.at\/wp-content\/uploads\/2025\/09\/MB-124x150.png\" alt=\"\" class=\"wp-image-352\"\/><\/a><\/figure>\n<\/figure>\n<\/div>\n\n\n\n<div class=\"wp-block-column is-layout-flow wp-block-column-is-layout-flow\">\n<h4 class=\"wp-block-heading\">B\u00e9csi Wiesenthal Int\u00e9zet a Holokauszt-tanulm\u00e1nyok\u00e9rt<\/h4>\n\n\n\n<figure class=\"wp-block-gallery has-nested-images columns-default is-cropped wp-block-gallery-3 is-layout-flex wp-block-gallery-is-layout-flex\">\n<figure class=\"wp-block-image size-large\"><img loading=\"lazy\" decoding=\"async\" width=\"124\" height=\"165\" data-id=\"354\" src=\"https:\/\/connectingmemories.at\/wp-content\/uploads\/2025\/09\/KF.png\" alt=\"\" class=\"wp-image-354\"\/><\/figure>\n\n\n\n<figure class=\"wp-block-image size-large\"><img loading=\"lazy\" decoding=\"async\" width=\"93\" height=\"124\" data-id=\"355\" src=\"https:\/\/connectingmemories.at\/wp-content\/uploads\/2025\/09\/EK.jpg\" alt=\"\" class=\"wp-image-355\"\/><\/figure>\n<\/figure>\n<\/div>\n<\/div>\n<\/div><\/div>\n\n\n\n<div style=\"height:53px\" aria-hidden=\"true\" class=\"wp-block-spacer\"><\/div>\n\n\n\n<p><\/p>\n","protected":false},"excerpt":{"rendered":"<p>Kutat\u00e1si projekt: \u201eKutatni \u2013 Meg\u0151rizni \u2013 Megosztani. Digit\u00e1lis k\u00f6z\u00f6ss\u00e9g l\u00e9trehoz\u00e1sa a n\u00e1ci k\u00e9nyszermunk\u00e1val kapcsolatos transznacion\u00e1lis eml\u00e9kezet \u00e9s forr\u00e1sok sz\u00e1m\u00e1ra Als\u00f3-Ausztri\u00e1ban\u201d A m\u00e1sodik vil\u00e1gh\u00e1bor\u00fa idej\u00e9n a N\u00e9met Birodalom szinte minden v\u00e1ros\u00e1ban \u00e9s faluj\u00e1ban k\u00fclf\u00f6ldi civil szem\u00e9lyeket \u00e9s hadifoglyokat k\u00e9nyszermunk\u00e1ra k\u00f6teleztek. B\u00e1r a n\u00e1ci k\u00e9nyszermunk\u00e1t m\u00e1r hossz\u00fa ideje kutatj\u00e1k, a t\u00e9ma sz\u00e1mos vonatkoz\u00e1s\u00e1ban \u2013 p\u00e9ld\u00e1ul a region\u00e1lis [&hellip;]<\/p>\n","protected":false},"author":2,"featured_media":0,"parent":0,"menu_order":0,"comment_status":"closed","ping_status":"closed","template":"","meta":{"footnotes":""},"class_list":["post-319","page","type-page","status-publish","hentry"],"blocksy_meta":[],"_links":{"self":[{"href":"https:\/\/connectingmemories.at\/index.php?rest_route=\/wp\/v2\/pages\/319","targetHints":{"allow":["GET"]}}],"collection":[{"href":"https:\/\/connectingmemories.at\/index.php?rest_route=\/wp\/v2\/pages"}],"about":[{"href":"https:\/\/connectingmemories.at\/index.php?rest_route=\/wp\/v2\/types\/page"}],"author":[{"embeddable":true,"href":"https:\/\/connectingmemories.at\/index.php?rest_route=\/wp\/v2\/users\/2"}],"replies":[{"embeddable":true,"href":"https:\/\/connectingmemories.at\/index.php?rest_route=%2Fwp%2Fv2%2Fcomments&post=319"}],"version-history":[{"count":10,"href":"https:\/\/connectingmemories.at\/index.php?rest_route=\/wp\/v2\/pages\/319\/revisions"}],"predecessor-version":[{"id":1049,"href":"https:\/\/connectingmemories.at\/index.php?rest_route=\/wp\/v2\/pages\/319\/revisions\/1049"}],"wp:attachment":[{"href":"https:\/\/connectingmemories.at\/index.php?rest_route=%2Fwp%2Fv2%2Fmedia&parent=319"}],"curies":[{"name":"wp","href":"https:\/\/api.w.org\/{rel}","templated":true}]}}