{"id":627,"date":"2025-10-24T10:55:28","date_gmt":"2025-10-24T08:55:28","guid":{"rendered":"https:\/\/connectingmemories.at\/?page_id=627"},"modified":"2025-11-24T17:21:24","modified_gmt":"2025-11-24T15:21:24","slug":"impressum","status":"publish","type":"page","link":"https:\/\/connectingmemories.at\/?page_id=627","title":{"rendered":"Impressum"},"content":{"rendered":"\n<h2 class=\"wp-block-heading\">Impressum<\/h2>\n\n\n\n<p style=\"font-size:clamp(14px, 0.875rem + ((1vw - 3.2px) * 0.313), 18px);\"><strong>Medieninhaber, Herausgeber und Betreiber dieser Website:<\/strong><br>Universit\u00e4t f\u00fcr Weiterbildung Krems<br>Department f\u00fcr Kunst- und Kulturwissenschaften<br>Dr.-Karl-Dorrek-Stra\u00dfe 30<br>3500 Krems an der Donau, \u00d6sterreich<\/p>\n\n\n\n<p style=\"font-size:clamp(14px, 0.875rem + ((1vw - 3.2px) * 0.313), 18px);\">Tel.: +43 2732 893 2545<br>E-Mail: <a href=\"mailto:connectingmemories@donau-uni.ac.at\">connectingmemories@donau-uni.ac.at<\/a><\/p>\n\n\n\n<p style=\"font-size:clamp(14px, 0.875rem + ((1vw - 3.2px) * 0.313), 18px);\"><strong>Inhaltliche Verantwortung<\/strong><br>F\u00fcr den Inhalt verantwortlich gem\u00e4\u00df \u00a7 25 Mediengesetz:<br>Mag. Dr. Edith Blaschitz, Department f\u00fcr Kunst- und Kulturwissenschaften Universit\u00e4t f\u00fcr Weiterbildung Krems<\/p>\n\n\n\n<p style=\"font-size:clamp(14px, 0.875rem + ((1vw - 3.2px) * 0.313), 18px);\"><strong>Konzeption und Umsetzung der Website<br><\/strong>Connectingmemories Team; Universit\u00e4t f\u00fcr Weiterbildung Krems.<br>Design und technische Umsetzung: intern (WordPress, Blocksy Theme, Polylang Plugin)<\/p>\n\n\n\n<p style=\"font-size:clamp(14px, 0.875rem + ((1vw - 3.2px) * 0.313), 18px);\"><strong>Urheberrecht<\/strong><br>Alle Inhalte dieser Website, insbesondere Texte, Bilder und Grafiken, sind urheberrechtlich gesch\u00fctzt. Die Verwendung, Vervielf\u00e4ltigung oder Weitergabe ist nur mit ausdr\u00fccklicher Zustimmung der Rechteinhaber*innen gestattet. Soweit Inhalte von Dritten verwendet werden, sind diese entsprechend gekennzeichnet.<\/p>\n\n\n\n<p style=\"font-size:clamp(14px, 0.875rem + ((1vw - 3.2px) * 0.313), 18px);\"><strong>Haftungsausschluss<\/strong><br>Die Inhalte dieser Website werden mit gr\u00f6\u00dftm\u00f6glicher Sorgfalt erstellt. F\u00fcr die Richtigkeit, Vollst\u00e4ndigkeit und Aktualit\u00e4t der bereitgestellten Informationen wird jedoch keine Gew\u00e4hr \u00fcbernommen. Verlinkte externe Seiten liegen au\u00dferhalb unseres Verantwortungsbereichs; f\u00fcr deren Inhalt sind ausschlie\u00dflich die jeweiligen Betreiber*innen verantwortlich.<\/p>\n\n\n\n<p style=\"font-size:clamp(14px, 0.875rem + ((1vw - 3.2px) * 0.313), 18px);\"><strong>Hinweis zu \u00dcbersetzungen und maschineller Sprachunterst\u00fctzung<br><\/strong>Diese Website verwendet f\u00fcr einzelne Textabschnitte mehrsprachige \u00dcbersetzungsprozesse, einschlie\u00dflich maschineller \u00dcbersetzungen und redaktioneller Nachbearbeitungen. Inhalte k\u00f6nnen aus verschiedenen Originalsprachen stammen. Trotz sorgf\u00e4ltiger Pr\u00fcfung k\u00f6nnen \u00dcbersetzungsabweichungen oder Ungenauigkeiten nicht vollst\u00e4ndig ausgeschlossen werden.<\/p>\n","protected":false},"excerpt":{"rendered":"<p>Impressum Medieninhaber, Herausgeber und Betreiber dieser Website:Universit\u00e4t f\u00fcr Weiterbildung KremsDepartment f\u00fcr Kunst- und KulturwissenschaftenDr.-Karl-Dorrek-Stra\u00dfe 303500 Krems an der Donau, \u00d6sterreich Tel.: +43 2732 893 2545E-Mail: connectingmemories@donau-uni.ac.at Inhaltliche VerantwortungF\u00fcr den Inhalt verantwortlich gem\u00e4\u00df \u00a7 25 Mediengesetz:Mag. Dr. Edith Blaschitz, Department f\u00fcr Kunst- und Kulturwissenschaften Universit\u00e4t f\u00fcr Weiterbildung Krems Konzeption und Umsetzung der WebsiteConnectingmemories Team; Universit\u00e4t f\u00fcr [&hellip;]<\/p>\n","protected":false},"author":2,"featured_media":0,"parent":0,"menu_order":0,"comment_status":"closed","ping_status":"closed","template":"","meta":{"footnotes":""},"class_list":["post-627","page","type-page","status-publish","hentry"],"blocksy_meta":[],"_links":{"self":[{"href":"https:\/\/connectingmemories.at\/index.php?rest_route=\/wp\/v2\/pages\/627","targetHints":{"allow":["GET"]}}],"collection":[{"href":"https:\/\/connectingmemories.at\/index.php?rest_route=\/wp\/v2\/pages"}],"about":[{"href":"https:\/\/connectingmemories.at\/index.php?rest_route=\/wp\/v2\/types\/page"}],"author":[{"embeddable":true,"href":"https:\/\/connectingmemories.at\/index.php?rest_route=\/wp\/v2\/users\/2"}],"replies":[{"embeddable":true,"href":"https:\/\/connectingmemories.at\/index.php?rest_route=%2Fwp%2Fv2%2Fcomments&post=627"}],"version-history":[{"count":7,"href":"https:\/\/connectingmemories.at\/index.php?rest_route=\/wp\/v2\/pages\/627\/revisions"}],"predecessor-version":[{"id":1360,"href":"https:\/\/connectingmemories.at\/index.php?rest_route=\/wp\/v2\/pages\/627\/revisions\/1360"}],"wp:attachment":[{"href":"https:\/\/connectingmemories.at\/index.php?rest_route=%2Fwp%2Fv2%2Fmedia&parent=627"}],"curies":[{"name":"wp","href":"https:\/\/api.w.org\/{rel}","templated":true}]}}